multiple of 130?
False
Is 1776 a multiple of 22?
False
Does 11 divide 2596?
True
Is 3657 a multiple of 23?
True
Is 12 a factor of 715?
False
Is 540 a multiple of 27?
True
Is 3 a factor of 388?
False
Is 5 a factor of 972?
False
Does 13 divide 3324?
False
Is 179 a factor of 826?
False
Is 474 a multiple of 6?
True
Is 255 a factor of 5100?
True
Does 11 divide 438?
False
Does 32 divide 480?
True
Is 1664 a multiple of 9?
False
Is 6468 a multiple of 12?
True
Is 7 a factor of 198?
False
Is 9783 a multiple of 102?
False
Does 14 divide 4760?
True
Is 1688 a multiple of 42?
False
Is 14 a factor of 5973?
False
Is 15 a factor of 1680?
True
Is 27 a factor of 4924?
False
Is 12978 a multiple of 103?
True
Does 4 divide 400?
True
Is 668 a multiple of 167?
True
Is 24 a factor of 375?
False
Does 60 divide 10680?
True
Is 40964 a multiple of 77?
True
Is 59 a factor of 19126?
False
Is 13 a factor of 25897?
False
Does 33 divide 5251?
False
Is 23 a factor of 229?
False
Is 4576 a multiple of 44?
True
Is 13 a factor of 104?
True
Does 21 divide 693?
True
Does 10 divide 11272?
False
Is 11 a factor of 5001?
False
Is 228 a factor of 2736?
True
Does 54 divide 972?
True
Does 37 divide 16687?
True
Is 6292 a multiple of 26?
True
Is 3 a factor of 276?
True
Is 350 a factor of 148759?
False
Is 790 a multiple of 20?
False
Is 727 a multiple of 49?
False
Does 29 divide 29932?
False
Is 17 a factor of 255?
True
Is 3 a factor of 3171?
True
Is 79 a factor of 74971?
True
Is 30 a factor of 570?
True
Does 14 divide 168?
True
Is 58821 a multiple of 11?
False
Is 506 a multiple of 46?
True
Does 98 divide 18718?
True
Is 32220 a multiple of 55?
False
Is 13 a factor of 1638?
True
Is 47 a factor of 2555?
False
Is 15 a factor of 2899?
False
Is 1453 a multiple of 3?
False
Is 802 a multiple of 2?
True
Is 36407 a multiple of 46?
False
Is 588 a multiple of 7?
True
Does 34 divide 22775?
False
Is 70 a factor of 8279?
False
Does 5 divide 2286?
False
Is 3112 a multiple of 4?
True
Is 3 a factor of 487?
False
Is 8842 even?
True
Does 37 divide 71807?
False
Does 15 divide 1065?
True
Is 35554 a multiple of 58?
True
Is 5084 a multiple of 14?
False
Is 5538 a multiple of 13?
True
Does 14 divide 359?
False
Is 43072 a multiple of 47?
False
Is 22591 a multiple of 274?
False
Does 49 divide 686?
True
Does 16 divide 21329?
False
Is 289 a multiple of 28?
False
Is 4133 a multiple of 162?
False
Is 47 a factor of 100394?
False
Is 61 a factor of 10248?
True
Is 1591 a multiple of 43?
True
Is 2 a factor of 38?
True
Does 29 divide 57072?
True
Does 8 divide 1189?
False
Is 3050 a multiple of 159?
False
Does 23 divide 1081?
True
Is 15302 a multiple of 52?
False
Is 7772 a multiple of 116?
True
Does 10 divide 1110?
True
Is 53 a factor of 2392?
False
Does 140 divide 11060?
True
Is 2138 a multiple of 16?
False
Is 26650 a multiple of 25?
True
Is 440 a multiple of 22?
True
Is 7504 a multiple of 134?
True
Does 5 divide 121?
False
Is 115 a factor of 29325?
True
Does 5 divide 687?
False
Does 48 divide 13187?
False
Does 11 divide 22924?
True
Does 3 divide 1483?
False
Is 1782 a multiple of 27?
True
Does 13 divide 19799?
True
Is 58951 a multiple of 353?
True
Is 136 a multiple of 17?
True
Is 1533 a multiple of 21?
True
Is 1186 a multiple of 67?
False
Is 35 a factor of 8400?
True
Is 36 a factor of 5220?
True
Does 3 divide 347?
False
Does 71 divide 10000?
False
Is 6000 a multiple of 60?
True
Is 2548 a multiple of 4?
True
Is 18 a factor of 132?
False
Is 5 a factor of 2694?
False
Does 7 divide 596?
False
Does 7 divide 42?
True
Does 196 divide 4116?
True
Does 2 divide 430?
True
Does 46 divide 4140?
True
Is 8149 a multiple of 160?
False
Is 24 a factor of 1473?
False
Is 217 a multiple of 7?
True
Is 589 a multiple of 23?
False
Is 9 a factor of 77?
False
Is 4 a factor of 4724?
True
Does 11 divide 7727?
False
Is 877 a multiple of 31?
False
Is 588 a multiple of 84?
True
Does 17 divide 44228?
False
Is 23220 a multiple of 18?
True
Is 11680 a multiple of 20?
True
Does 5 divide 10435?
True
Is 5717 a multiple of 4?
False
Is 612 a multiple of 18?
True
Does 233 divide 27707?
False
Is 20152 a multiple of 22?
True
Is 27 a factor of 13828?
False
Is 106 a multiple of 12?
False
Is 47 a factor of 3431?
True
Does 5 divide 17300?
True
Does 14 divide 7280?
True
Does 12 divide 1580?
False
Does 107 divide 2461?
True
Is 49 a factor of 686?
True
Is 21 a factor of 137781?
True
Does 12 divide 103?
False
Does 52 divide 42588?
True
Is 91 a factor of 984?
False
Is 1118 a multiple of 4?
False
Is 72 a factor of 13265?
False
Does 3 divide 114?
True
Does 38 divide 3410?
False
Does 115 divide 299?
False
Is 82 a factor of 4600?
False
Is 20 a factor of 2212?
False
Is 6 a factor of 1045?
False
Does 70 divide 2121?
False
Is 9255 a multiple of 54?
False
Does 29 divide 5916?
True
Does 241 divide 36632?
True
Is 8 a factor of 2208?
True
Does 2 divide 1402?
True
Does 16 divide 12205?
False
Is 62298 a multiple of 9?
True
Is 6 a factor of 831?
False
Does 28 divide 2392?
False
Is 6 a factor of 192?
True
Is 594 a multiple of 54?
True
Does 27 divide 296?
False
Is 71 a factor of 2252?
False
Does 40 divide 4160?
True
Does 24 divide 5458?
False
Is 3784 a multiple of 22?
True
Does 22 divide 576?
False
Is 17 a factor of 1309?
True
Is 6413 a multiple of 81?
False
Is 108762 a multiple of 149?
False
Is 30 a factor of 3404?
False
Is 6 a factor of 5466?
True
Is 452 a multiple of 52?
False
Is 50 a factor of 15752?
False
Is 15 a factor of 9134?
False
Is 8 a factor of 2827?
False
Does 138 divide 10071?
False
Is 4 a factor of 66?
False
Is 52 a factor of 4158?
False
Does 15 divide 3090?
True
Is 46562 a multiple of 15?
False
Is 13 a factor of 1174?
False
Does 31 divide 44145?
False
Does 191 divide 38054?
False
Does 28 divide 94276?
True
Is 1410 a multiple of 10?
True
Is 892 a multiple of 12?
False
Is 51 a factor of 2652?
True
Does 8 divide 3200?
True
Is 15887 a multiple of 92?
False
Is 12035 a multiple of 36?
False
Does 7 divide 45241?
True
Does 9 divide 432?
True
Is 40240 a multiple of 20?
True
Is 148 a factor of 2402?
False
Does 57 divide 3254?
False
Does 12 divide 5208?
True
Is 20 a factor of 680?
True
Is 204 a factor of 267?
False
Is 2444 a multiple of 13?
True
Does 167 divide 15116?
False
Does 39 divide 2340?
True
Does 9 divide 2034?
True
Is 3990 a multiple of 57?
True
Is 56 a factor of 169?
False
Does 37 divide 641?
False
Is 7 a factor of 324?
False
Is 166 a factor of 7802?
True
Does 8 divide 343?
False
Does 11 divide 9340?
False
Is 250 a factor of 80790?
False
Does 2 divide 1438?
True
Is 14 a factor of 788?
False
Is 152 a factor of 6183?
False
Is 750 a multiple of 50?
True
Is 11 a factor of 30118?
True
Is 654 a multiple of 14?
False
Is 7 a factor of 63?
True
Is 11 a factor of 154?
True
Does 2 divide 59?
False
Is 73 a factor of 1032?
False
Is 28752 a multiple of 8?
True
Is 5887 a multiple of 162?
False
Is 85 a multiple of 2?
False
Is 91 a factor of 18010?
False
Does 13 divide 715?
True
Does 11 divide 3828?
True
Is 55329 a multiple of 45?
False
Does 8 divide 20792?
True
Is 3450 a multiple of 10?
True
Is 5412 a multiple of 33?
True
Is 43 a factor of 1368?
False
Is 46 a factor of 21206?
True
Is 87584 a multiple of 184?
True
Is 7131 a multiple of 30?
False
Is 12 a factor of 14616?
True
Is 2004 a multiple of 3?
True
Is 11 a factor of 209?
True
Is 98 a factor of 4606?
True
Does 24 divide 9334?
False
Is 2 a factor of 607?
False
Is 3 a factor of 33?
True
Does 62 divide 434?
True
Is 33258 a multiple of 73?
False
Does 13 divide 583?
False
Is 16 a factor of 26345?
False
Is 37 a factor of 405?
False
Does 15 divide 18693?
False
Is 310 a factor of 1240?
True
Is 2539 a multiple of 11?
False
Is 1353 a multiple of 33?
True
Is 8 a factor of 118?
False
Does 96 divide 45792?
True
Is 10719 a multiple of 17?
False
Does 4 divide 548?
True
Is 5 a factor of 470?
True
Is 136 a factor of 3264?
True
Is 18 a factor of 10728?
True
Is 4557 a multiple of 5?
False
Is 5382 a multiple of 32?
False
Does 6 divide 13083?
False
Is 25 a factor of 2850?
True
Is 4 a factor of 4938?
False
Is 9 a factor of 36936?
True
Is 35010 a multiple of 70?
False
Is 227 a factor of 3143?
False
Is 6 a factor of 10165?
False
Is 24718 a multiple of 14?
False
Is 20 a factor of 387?
False
Is 418 a multiple of 8?
False
Is 13 a factor of 99511?
False
Is 11 a factor 